 r(s) = -s**3 + 5*s + 97. Let f(m) = -3*o(m) + 5*r(m). Give f(x).
3
Let t(w) = w**2 + 7*w - 1. Let x(v) be the first derivative of -v**2/2 - 6*v + 9. Let d be x(-1). Calculate t(d).
-11
Let i(l) = 2*l**2 + 4*l + 3. Suppose 4*r - 4 = 4*x, -3*x = 5*r + 15 + 12. What is i(r)?
9
Let y(g) = -g**3 - 3*g**2 + 3*g + 6. Let c = -607 + 603. Give y(c).
10
Let x = -3 - 2. Let w(u) = 565 + 556 + u**2 - 1116 + 7*u - 2*u. Calculate w(x).
5
Let j(k) = 894*k**2 - 1778*k**2 - 2*k + 9 + 883*k**2 - 5. Suppose 0*m + 6 = 2*m. Calculate j(m).
-11
Let w = -99 + 104. Let a(b) = -b + 2. Calculate a(w).
-3
Let h(f) = -4*f - 126. Let n be h(-31). Let k(v) = 2*v + 9. Determine k(n).
5
Let v = -6 - -4. Let u be 1/((8/(-12))/v). Let f(c) be the second derivative of c**5/20 - c**4/3 + c**3/6 + c**2/2 - 3*c. What is f(u)?
-5
Let w(o) = -o**2 - 2*o - 15. Let u(f) = -2*f**2 - 3*f - 31. Let x(v) = 6*u(v) - 13*w(v). Suppose -8*m + 72 = -9*m. Let p be (m/16)/(3/4). What is x(p)?
-3
Let n(f) be the third derivative of f**6/60 - f**5/6 - f**4/2 + 2*f**3/3 + 38*f**2. Let b be n(6). Let s(m) = m - 5. Calculate s(b).
-1
Let b(a) = -2*a**2 - a - 2. Let t(j) = j**3 + 12*j**2 + 6*j + 16. Let z(s) = 6*b(s) + t(s). What is z(0)?
4
Let p(u) = -2*u**3 - 3*u**2 - u - 1754 + 1757 + 3*u. What is p(-3)?
24
Let a(n) = -n - 18. Let u be (-21 - (-2 - 0)) + -35 + 38. Determine a(u).
-2
Suppose 3*w - 3*q = -165, q = 2*w - 43 + 148. Let m = 48 + w. Let t(f) be the second derivative of f**5/20 + f**4/6 + f**3/2 - f. Give t(m).
-6
Suppose 0*h - 2*h - 2 = 2*n, 0 = 3*h - 3*n + 21. Let b = 8 + h. Let o(g) be the first derivative of -g**3/3 + 2*g**2 + g - 28. What is o(b)?
1
Let n(d) = d**3 - d**2 - d - 1. Let l(u) be the first derivative of 7*u**4/4 - 10*u**3/3 - 4*u**2 - 2*u - 6. Let b(c) = l(c) - 6*n(c). Calculate b(3).
-11
Let r(k) be the first derivative of -k - 6 + 1/2*k**2. Suppose -4 = -3*q - 13. Determine r(q).
-4
Let f = -9 + 12. Let s be (-4)/3*(-6 + f). Suppose 9*i - 5*i = s. Let b(c) = 10*c**2 - c. Give b(i).
9
Let u(n) = 8*n - 6. Let w be -5 + 164/36 - 8/(-18). Determine u(w).
-6
Suppose -10*w + 1219 = 1189. Let p(k) = 2*k**3 + 4*k**2 - 4*k + 5. Let v(z) = -3*z**3 - 8*z**2 + 7*z - 9. Let g(n) = 5*p(n) + 3*v(n). What is g(w)?
-8
Let t(b) = b**3 + 4*b**2 - 3*b - 6. Let m be t(-4). Let j(c) = -m + 1 - c**2 + 6*c - c + 2*c**2. Give j(-5).
-5
Let p(s) = 4*s**2 - s - 1. Let a(g) = -5*g**2 - 2*g + 9. Let m(c) = a(c) + p(c). Give m(-7).
-20
Let q(v) = v**2 + 10*v + 18. Let s be (-32)/6*30/20. Let c be q(s). Let n(x) = 2*x - c*x - 3 - 4*x + 3*x. Determine n(0).
-3
Let s(z) be the first derivative of z**3 + 11*z**2/2 - 6*z - 749. Give s(-5).
14
Let d(q) = 2*q**3 + 2*q**2 - q - 2. Let b be 9/6 + (1 - (-58)/4). Suppose -b*j - 8 = -13*j. Calculate d(j).
-8
Let o(x) = -11*x + 10*x - 1 + 31*x**2 - 30*x**2 + 4*x**3. What is o(-2)?
-27
Let b(d) be the second derivative of d**6/180 + d**5/120 - 2*d**4/3 + d**2/2 - 4*d. Let w(o) be the third derivative of b(o). Give w(2).
9
Let p(d) be the first derivative of 0*d + 1/60*d**5 + 1/2*d**3 - 1/4*d**4 + 4*d**2 + 8. Let l(j) be the second derivative of p(j). Determine l(2).
-5
Suppose n + 1 = 0, 3*i - 3*n = -0*i + 21. Suppose -u + i*u - 3*m = 26, 0 = 3*u - 2*m - 16. Let p(f) = -f**3 + 3*f**2 + 5*f + 1. What is p(u)?
5
Let a(d) be the first derivative of d**3/3 - 7*d**2/2 - 2*d - 1. Suppose 47*i - 30*i = 102. Give a(i).
-8
Let j(a) = -a**2 - a - 5. Let p be 0*(-6)/(-24) - (1 - 4). Suppose 0 = 15*q - 17*q - v - 12, -p*v - 26 = 4*q. What is j(q)?
-25
Let v = 8 - 4. Suppose -5*i + 5 = 4*c - c, -i - v*c + 1 = 0. Let f(l) be the first derivative of -5*l**2 + l - 3. Determine f(i).
-9
Let p(j) = 6*j - 1. Let l be (4 - 1)/((-9)/(-9)). Suppose -w - 3*y = 2*w - 15, l*y - 8 = 4*w. Suppose -7*r + w = -8*r. Determine p(r).
-7
Let m(u) = u + 8*u - 8*u + 3 + 2. Calculate m(4).
9
Suppose -4*m + 62 = -2*a, 2*m + 4*a + 79 = 7*m. Suppose 2*k - 9 = -d, 3*d - m = -0*d. Let v(x) = 6*x**k - 6*x**2 - 7 + x**2 + 4*x. Calculate v(-6).
5
Let d(n) = 2*n - 14. Let v be d(10). Let z(f) = 4*f + 1. Let w(b) = -b - 1. Let o(t) = -3*w(t) - z(t). Give o(v).
-4
Let n(w) be the first derivative of -3*w**4 + 3*w**2/2 + 2*w + 41. Calculate n(-1).
11
Let p(f) = -f**2 - f**3 - 21 + 2*f**2 + 5*f + 0*f + 13. Give p(3).
-11
Let t(g) = -6*g - 3. Suppose 17*o = -10*o - 135. Give t(o).
27
Let b(k) = -24*k + 171. Let l be b(7). Let n(t) = -t**2 + 2*t + 4. Determine n(l).
1
Let x(f) = -4*f**3 + 2*f**2 + f + 3. Let q(v) = 3*v**3 - 3*v**2 - 4. Let o(b) = 3*q(b) + 2*x(b). Suppose -2*l - 30 = -8*l. Calculate o(l).
4
Suppose -10 = 138*j - 140*j. Let a(u) = u**3 - 7*u**2 - 5*u - 7. Let g(n) = n**2 + 1. Let q(d) = -a(d) - 3*g(d). Calculate q(j).
4
Let i(t) = 2*t + 1. Let z(v) = -v**2 + 7*v - 2. Let b be z(6). Let y = -43 - -53. Suppose y*d - b = 6*d. What is i(d)?
3
Let d(h) = h**3 + 8*h**2 - 4*h + 6. Let p = 772 - 780. Calculate d(p).
38
Let o(w) = -w - 7. Let b be o(-5). Suppose 4*s = -5*h + 10, 6 = 2*h - 5*s + 2. Let d(x) = 2 - 6*x**2 + 0 + 3*x**h - 3*x - 3. Give d(b).
-7
Let u = -1 - -1. Let t = 3 + u. Let f(g) be the third derivative of g**6/120 - g**5/30 + g**3/6 - 331*g**2. Calculate f(t).
10
Let s(h) = -5*h + 1. Let i be (51 + -48)*(-2)/((-6)/47). Let k = 46 - i. Calculate s(k).
6
Let m(r) = -3*r**2 - 7*r + 2. Let v(f) = 10*f**2 + 22*f - 7. Let p(o) = 7*m(o) + 2*v(o). Suppose 32*j - 29*j = -2*n - 26, -3*j = n + 22. Determine p(j).
-6
Let z(i) = i + 39 - 13 + i - 17. Determine z(-5).
-1
Suppose 2*g - 3*o - 19 = -8*g, -4*g + 7 = -o. Let z(d) be the second derivative of d**4/6 - d**3/3 + d**2/2 - d. Determine z(g).
1
Let w(n) = 2*n. Let u(v) = -2*v**3 - 11*v**2 - 8*v - 20. Let q be u(-5). Calculate w(q).
-10
Let n = -1 + 13. Let i = -17 + n. Let o(x) = -4*x**2 - x**3 - 157*x - 2 - 2 + 160*x. Give o(i).
6
Let w(a) = 7*a - a - 9*a - 37 + 32. Determine w(-1).
-2
Suppose -4*c + 30 = -2*i, c = 3*i + i + 39. Let l(a) be the first derivative of a**3/3 + 9*a**2/2 + 3*a + 3. What is l(i)?
3
Let h(q) = -q**3 + 2*q**2 + 6*q - 2. Let r be h(4). Let t be r*1 + (3 - 0). Let v(c) be the first derivative of -c**3/3 - 7*c**2/2 + 4*c + 47. Calculate v(t).
4
Let v(d) = d**2 - d - 5. Let s = 277 - 279. Give v(s).
1
Let f(k) be the second derivative of k**4/12 - 5*k**3/6 - k**2 - 20*k. Calculate f(5).
-2
Suppose -3*c - 9 = -5*h, 0 = 2*h + c - 79 + 71. Let y(j) = j**3 - 3*j**2 - j - 4. Give y(h).
-7
Let d(t) = 0 - 4 - t + 3 - 1. Suppose -c = -5*c + 16. Suppose -25 = 5*h + 4*b, -c = 4*h + 5*b + 16. Calculate d(h).
3
Let u be (-7 - (-122)/14)*(-7)/2. Let k(d) be the third derivative of d**5/60 + 7*d**4/24 + d**3/2 + 10*d**2. What is k(u)?
-3
Let j(d) = -3034*d**2 + 3041*d**2 - d**3 - 4 + 0 - 3*d - 2*d + 0*d. Suppose 179 - 19 = -2*r. Let t be r/(-14) + 10/35. Calculate j(t).
2
Suppose -31*d - 5*w = -30*d - 34, w + 4 = d. Let r(c) = -2*c + 20. Calculate r(d).
2
Let h(m) be the second derivative of -m**3/3 + m**2/2 + 9*m - 1. Calculate h(3).
-5
Let w(j) = j**3 - 12*j**2 - 12*j + 3. Let r be w(13). Let f(t) = t**2 + r - 14 - t**2 + t**2 + 5*t. Give f(-6).
8
Let u(p) = -p**2 - p + 1. Suppose 2*v - 4*f - 76 = 0, f + 3*f = -16. Let b = v - 30. Let h be -2 + (b - 1) + 6. What is u(h)?
-11
Let g(q) = -2*q - 5. Let o = 46 + -47. Let p be (-4)/(-16) - (51/(-12))/o. Determine g(p).
3
Let z(v) = -v - 4. Let b(h) be the third derivative of h**4/24 + 7*h**3/6 + 13*h**2. Let a(j) = -2*b(j) - 5*z(j). Give a(-6).
-12
Let x be (-28)/(-3) - 10/(-15). Suppose 9 = -k + 5*m, x*m - 8 = 2*k + 5*m. Suppose 4*w - 15 - k = 0. Let q(g) = g**2 - 6*g - 1. Give q(w).
-9
Let g(y) = -2. Let n(q) = -3*q**2 - q - 5. Let l(m) = -2*g(m) + n(m). Give l(-1).
-3
Let g(u) = -u**3 - 5*u**2 + u + 7. Let a be g(-5). Suppose -a*y + 12 - 2 = 3*d, -2*d + 5*y - 25 = 0. Let l(x) = -x + 3*x**2 - 12 + 0*x - 2*x**2. Determine l(d).
-12
Let g(j) = 2*j**2 + 315 + 3*j**2 - 2*j**3 + j**3 + 8*j - 317. Determine g(6).
10
Let c = 8 + -25. Let k = c + 15. Let d(x) = 12*x - 1. Let n(h) = -2*h. Let m(o) = k*d(o) - 14*n(o). Calculate m(-2).
-6
Let z(m) = -14 + 64*m + 67*m - 132*m. Determine z(-13).
-1
Let v(r) = 6*r + 5 + 0*r - 4*r - 2. Let a(x) = 2*x + 4. Let k(u) = 4*a(u) - 3*v(u). Calculate k(-7).
-7
Let a(q) = q**3 - 3*q**2 - 7*q + 15. Let y be a(3). Let r(p) = -4*p - 5. Calculate r(y).
19
Let k(